nds digit of 2638903?
3
What is the hundreds digit of 1241415?
4
What is the hundreds digit of 105008?
0
What is the ten thousands digit of 433508?
3
What is the units digit of 791558?
8
What is the hundreds digit of 2547336?
3
What is the hundreds digit of 85524?
5
What is the units digit of 14272?
2
What is the thousands digit of 49397?
9
What is the millions digit of 9550156?
9
What is the units digit of 20080444?
4
What is the hundreds digit of 231851?
8
What is the hundreds digit of 211344?
3
What is the hundreds digit of 254934?
9
What is the hundreds digit of 20896502?
5
What is the hundreds digit of 1185273?
2
What is the millions digit of 4427869?
4
What is the ten thousands digit of 690255?
9
What is the hundreds digit of 8665054?
0
What is the tens digit of 8919646?
4
What is the millions digit of 1156137?
1
What is the hundreds digit of 309164?
1
What is the millions digit of 5909410?
5
What is the ten millions digit of 16368308?
1
What is the hundreds digit of 1007301?
3
What is the ten thousands digit of 5164313?
6
What is the ten thousands digit of 5956331?
5
What is the hundred thousands digit of 5173893?
1
What is the hundreds digit of 150264?
2
What is the hundred thousands digit of 4118527?
1
What is the hundreds digit of 175812?
8
What is the thousands digit of 150864?
0
What is the thousands digit of 2505946?
5
What is the hundred thousands digit of 264843?
2
What is the thousands digit of 893752?
3
What is the thousands digit of 445901?
5
What is the tens digit of 18685048?
4
What is the tens digit of 5552254?
5
What is the thousands digit of 587791?
7
What is the ten thousands digit of 431634?
3
What is the tens digit of 3664223?
2
What is the hundred thousands digit of 4360311?
3
What is the ten thousands digit of 18098102?
9
What is the units digit of 57744?
4
What is the millions digit of 8819023?
8
What is the hundreds digit of 254754?
7
What is the thousands digit of 1886984?
6
What is the ten thousands digit of 4240594?
4
What is the millions digit of 7100927?
7
What is the thousands digit of 6120916?
0
What is the units digit of 3211405?
5
What is the tens digit of 20563947?
4
What is the hundreds digit of 567603?
6
What is the tens digit of 8354187?
8
What is the units digit of 587231?
1
What is the hundreds digit of 316127?
1
What is the units digit of 56319?
9
What is the hundreds digit of 6498488?
4
What is the units digit of 4221626?
6
What is the hundred thousands digit of 1210437?
2
What is the hundreds digit of 2278402?
4
What is the hundred thousands digit of 1585186?
5
What is the tens digit of 489615?
1
What is the tens digit of 900150?
5
What is the units digit of 910859?
9
What is the hundred thousands digit of 6733888?
7
What is the thousands digit of 7019810?
9
What is the hundreds digit of 4329418?
4
What is the tens digit of 54573?
7
What is the thousands digit of 313731?
3
What is the hundreds digit of 285723?
7
What is the tens digit of 10152790?
9
What is the ten thousands digit of 275658?
7
What is the thousands digit of 62130?
2
What is the ten thousands digit of 10731920?
3
What is the thousands digit of 2220542?
0
What is the millions digit of 11032526?
1
What is the ten thousands digit of 19204202?
0
What is the units digit of 5628669?
9
What is the ten thousands digit of 147027?
4
What is the hundreds digit of 1986224?
2
What is the ten thousands digit of 1723916?
2
What is the ten millions digit of 23970562?
2
What is the hundreds digit of 2419311?
3
What is the hundreds digit of 313461?
4
What is the ten thousands digit of 339403?
3
What is the hundreds digit of 114296?
2
What is the units digit of 8422203?
3
What is the hundreds digit of 7650292?
2
What is the tens digit of 8324277?
7
What is the thousands digit of 1613?
1
What is the thousands digit of 46320?
6
What is the tens digit of 1706355?
5
What is the hundreds digit of 1512153?
1
What is the hundreds digit of 9609171?
1
What is the tens digit of 13060451?
5
What is the tens digit of 1917830?
3
What is the millions digit of 2829761?
2
What is the units digit of 738808?
8
What is the tens digit of 2014082?
8
What is the hundreds digit of 367289?
2
What is the units digit of 330788?
8
What is the hundred thousands digit of 258720?
2
What is the units digit of 94555?
5
What is the hundreds digit of 537109?
1
What is the ten thousands digit of 96276?
9
What is the thousands digit of 56890?
6
What is the units digit of 280909?
9
What is the ten thousands digit of 1671050?
7
What is the thousands digit of 1893683?
3
What is the hundred thousands digit of 484082?
4
What is the ten thousands digit of 371079?
7
What is the units digit of 35218872?
2
What is the hundreds digit of 7688696?
6
What is the ten thousands digit of 7439126?
3
What is the ten thousands digit of 475356?
7
What is the tens digit of 9488133?
3
What is the hundred thousands digit of 3301804?
3
What is the hundred thousands digit of 1288984?
2
What is the ten millions digit of 33852344?
3
What is the hundred thousands digit of 487952?
4
What is the units digit of 19038318?
8
What is the ten thousands digit of 6038943?
3
What is the thousands digit of 2085994?
5
What is the tens digit of 261072?
7
What is the ten millions digit of 28778709?
2
What is the hundreds digit of 1321339?
3
What is the units digit of 24410721?
1
What is the hundreds digit of 7577494?
4
What is the hundreds digit of 16420126?
1
What is the millions digit of 21040913?
1
What is the ten thousands digit of 838782?
3
What is the hundred thousands digit of 4561779?
5
What is the millions digit of 1201892?
1
What is the units digit of 782434?
4
What is the hundred thousands digit of 18772784?
7
What is the hundreds digit of 461413?
4
What is the units digit of 16489965?
5
What is the millions digit of 1377263?
1
What is the ten thousands digit of 433664?
3
What is the hundred thousands digit of 31015776?
0
What is the hundred thousands digit of 206616?
2
What is the tens digit of 69413?
1
What is the units digit of 3801981?
1
What is the hundred thousands digit of 1428338?
4
What is the hundred thousands digit of 23981553?
9
What is the millions digit of 3217515?
3
What is the hundreds digit of 3094695?
6
What is the tens digit of 3187715?
1
What is the hundred thousands digit of 734853?
7
What is the ten millions digit of 16320712?
1
What is the units digit of 121313?
3
What is the hundred thousands digit of 1808342?
8
What is the hundred thousands digit of 1130001?
1
What is the ten thousands digit of 226958?
2
What is the hundreds digit of 3263679?
6
What is the hundreds digit of 5987795?
7
What is the tens digit of 242089?
8
What is the tens digit of 18331364?
6
What is the hundred thousands digit of 12529981?
5
What is the units digit of 219981?
1
What is the hundreds digit of 254799?
7
What is the hundred thousands digit of 205727?
2
What is the hundreds digit of 323442?
4
What is the thousands digit of 1280325?
0
What is the units digit of 118803?
3
What is the hundred thousands digit of 653642?
6
What is the units digit of 73376?
6
What is the thousands digit of 406840?
6
What is the thousands digit of 17218?
7
What is the hundred thousands digit of 8849812?
8
What is the hundreds digit of 1653212?
2
What is the tens digit of 70522?
2
What is the tens digit of 99318?
1
What is the units digit of 985781?
1
What is the thousands digit of 2135259?
5
What is the units digit of 1988812?
2
What is the ten thousands digit of 12335550?
3
What is the tens digit of 5349439?
3
What is the ten millions digit of 35281109?
3
What is the thousands digit of 95480?
5
What is the units digit of 3687621?
1
What is the hundreds digit of 6829572?
5
What is the ten thousands digit of 3669602?
6
What is the hundreds digit of 3949479?
4
What is the hundred thousands digit of 4255788?
2
What is the thousands digit of 210513?
0
What is the thousands digit of 131528?
1
What is the ten thousands digit of 6774607?
7
What is the hundreds digit of 2459661?
6
What is the thousands digit of 245537?
5
What is the units digit of 458224?
4
What is the millions digit of 4827701?
4
What is the hundred thousands digit of 1817917?
8
What is the hundred thousands digit of 9068635?
0
What is the hundreds digit of 1873737?
7
Wha